.
8
Let b(w) = -9*w**2 + 281*w - 1443. Give b(22).
383
Let c(z) = z**2 + 866*z + 31088. Calculate c(-39).
-1165
Let m(i) = 5*i**3 + 30*i**2 + 70*i + 12. Give m(-2).
-48
Let o(y) = -y**2 + 4145*y + 129418. Determine o(-31).
-38
Let v(f) = -4611*f + 235267. Calculate v(51).
106
Let f(t) = -131*t - 14687. Determine f(-120).
1033
Let n(k) = -1350*k**2 - 96*k - 17. Determine n(-2).
-5225
Let z(a) = a**3 - 368*a**2 - 9428*a + 7915. Determine z(392).
75
Let z(b) = -6*b**3 - 46*b**2 + 72*b + 420. Determine z(-8).
-28
Let y(x) = 8*x**3 + 2*x**2 + 29*x + 26. What is y(-1)?
-9
Let w(v) = v**2 + 2448*v - 17169. Give w(7).
16
Let m(s) = -369647*s + 1108956. What is m(3)?
15
Let g(v) = -95*v**3 - 2661*v**2 - 40*v - 360. Give g(-28).
-24
Let w(v) = 54*v**2 + 1054*v + 4380. Calculate w(-6).
0
Let r(m) = m**2 + 46*m + 110. Calculate r(-49).
257
Let b(k) = 16*k**2 + 1474*k - 18152. Give b(11).
-2
Let y(q) = -23*q**2 + 3629*q - 16832. What is y(153)?
-2
Let h(d) = -710*d + 241347. Calculate h(340).
-53
Let x(y) = 693*y**2 - 1967*y - 342. Give x(3).
-6
Let b(w) = 80*w - 23175. Determine b(289).
-55
Let t(f) = 23*f**2 + 18462*f - 42661. Calculate t(-805).
4
Let c(v) = -6300*v**2 + 25202*v + 19. What is c(4)?
27
Let z(o) = 6*o**2 - 717*o - 85. Give z(0).
-85
Let s(a) = 62*a**2 - 32978*a - 3188. Determine s(532).
4
Let g(t) = 14*t**2 - 980*t - 51455. Determine g(105).
-5
Let o(y) = 7082*y + 1458874. What is o(-206)?
-18
Let r(a) = 769*a + 365. Give r(-1).
-404
Let c(w) = 2204*w + 24067. Calculate c(-11).
-177
Let w(q) = -q**2 + 984*q - 142829. Calculate w(177).
10
Let o(c) = -c**2 - 598*c - 13295. Determine o(-23).
-70
Let x(v) = v**3 - v**2 - 36*v + 10. Determine x(-6).
-26
Let s(t) = -20*t**2 + 6668*t + 47659. Determine s(-7).
3
Let t(h) = 4848*h - 41746. Calculate t(9).
1886
Let z(n) = -31*n**3 - 4*n**2 + 32*n + 78. Give z(-2).
246
Let j(b) = -130*b - 28504. What is j(-235)?
2046
Let d(g) = 251330*g + 1005294. Calculate d(-4).
-26
Let z(t) = -2*t**3 + 16*t**2 + 103*t - 1303. What is z(10)?
-673
Let z(l) = -683*l + 6757. Give z(10).
-73
Let h(j) = -11179*j - 760178. What is h(-68)?
-6
Let u(l) = -1820*l - 1989. Determine u(-1).
-169
Let z(a) = -4*a**3 - 1121*a**2 - 277*a + 448. What is z(-280)?
-392
Let v(l) = 1504*l - 779066. Give v(518).
6
Let j(d) = 16158*d - 210001. Calculate j(13).
53
Let i(u) = 384*u + 61. Give i(-2).
-707
Let o(b) = -1345*b - 180932. Calculate o(-134).
-702
Let d(s) = -3017*s - 14671. Give d(-5).
414
Let f(v) = -827*v + 214747. Calculate f(260).
-273
Let n(j) = 7*j**3 + 1822*j**2 + 56886*j - 2240. Give n(-224).
0
Let g(v) = -v**2 + 22400*v - 268641. Give g(12).
15
Let y(a) = 17*a**3 + 5*a**2 + 30*a - 95. Determine y(3).
499
Let w(k) = 1706*k - 250756. Calculate w(147).
26
Let m(w) = 2*w**3 + 367*w**2 - 1361*w - 9686. Determine m(-187).
38
Let k(f) = f**3 - 44*f**2 - 91*f + 10012. What is k(40)?
-28
Let q(n) = -4642*n + 41831. Determine q(9).
53
Let p(b) = -84*b - 15982. Determine p(-228).
3170
Let i(s) = s**3 - 210*s**2 - 394*s - 6262. What is i(212)?
98
Let t(m) = -7720*m - 154400. What is t(-20)?
0
Let u(f) = -9920*f + 287664. Determine u(29).
-16
Let j(s) = -10*s**3 - 3*s**2 + 1519*s - 1518. Determine j(1).
-12
Let r(m) = -44*m**2 - 448*m + 1615. What is r(-13)?
3
Let f(d) = d**3 + 113*d**2 + 1828*d - 2972. What is f(-93)?
4
Let m(q) = 43*q**2 - 836*q + 55. Determine m(19).
-306
Let w(x) = -66*x**2 + 195*x - 390. Determine w(2).
-264
Let p(s) = -104093*s + 208161. Determine p(2).
-25
Let b(f) = 148*f**3 - 27527*f**2 - 253*f + 12457. Determine b(186).
-5
Let o(z) = 9*z**2 - 195*z - 402. What is o(-2)?
24
Let i(h) = -9*h**2 + 31369*h - 156626. Calculate i(5).
-6
Let q(z) = -18187*z - 199575. What is q(-11)?
482
Let b(l) = -l**3 + 466*l**2 + 36314*l + 26. Determine b(-68).
-110
Let o(q) = -91825*q + 367363. Calculate o(4).
63
Let f(r) = -7435373*r + 37176857. Give f(5).
-8
Let t(k) = -3*k**3 + 17*k**2 - 75*k + 233. Give t(4).
13
Let y(d) = -d**3 - 42*d**2 - 402*d + 207. Give y(-21).
-612
Let l(x) = -6*x**2 - 30498*x + 30501. Give l(1).
-3
Let o(x) = x**3 - 128*x**2 - 21828*x - 380. What is o(-97)?
-89
Let i(o) = 27056*o + 649280. Give i(-24).
-64
Let u(v) = 641308*v + 5771770. Give u(-9).
-2
Let o(f) = -617500*f + 27787498. Determine o(45).
-2
Let w(q) = 2*q**3 - 90*q**2 - 3494*q - 436. What is w(70)?
-16
Let s(d) = -6065*d + 139532. Determine s(23).
37
Let q(j) = -11*j**2 - 7770*j + 31122. Give q(4).
-134
Let i(h) = -h**3 - 48*h**2 + 1138*h + 2567. What is i(19)?
2
Let o(w) = 7370*w + 73682. What is o(-10)?
-18
Let z(y) = 4493*y - 49196. Determine z(11).
227
Let q(c) = c**3 + 26*c**2 - 669*c - 62. Calculate q(16).
-14
Let h(p) = -107*p - 47167. Determine h(-438).
-301
Let f(x) = 12044*x + 565887. Calculate f(-47).
-181
Let b(d) = 25*d**2 - 6200*d + 2. Give b(0).
2
Let s(k) = -1587*k + 21203. Give s(13).
572
Let d(l) = -55*l**3 + 25301*l**2 - 454*l - 2783. Calculate d(460).
-23
Let t(g) = 16*g**3 + 384*g**2 + 48*g + 1029. Determine t(-24).
-123
Let q(d) = -4*d**2 + 983*d - 56038. Determine q(156).
-34
Let m(c) = 1180*c - 358663. What is m(304)?
57
Let o(g) = 2*g**2 + 211*g - 1141. Determine o(0).
-1141
Let w(s) = -45*s**2 + 81*s + 1456. Calculate w(7).
-182
Let v(f) = -248*f + 45647. Give v(184).
15
Let f(g) = -1014*g - 47618. Calculate f(-47).
40
Let d(p) = 788*p + 398738. Calculate d(-506).
10
Let k(q) = q**3 + 5*q**2 - 345*q - 2029. Determine k(-6).
5
Let m(p) = -3*p**3 + 9*p**2 - 3858*p + 15435. Give m(4).
-45
Let t(x) = -435*x + 1198. Calculate t(-7).
4243
Let q(c) = 4*c**3 + 2287*c**2 + 13017*c - 573. Determine q(-566).
-7
Let t(a) = -117*a**3 - 1237*a**2 - 631*a + 384. What is t(-10)?
-6
Let l(k) = -4533*k - 135965. Calculate l(-30).
25
Let i(b) = -8*b**2 - 12708*b - 537662. Calculate i(-1545).
-2
Let c(u) = 416298*u + 2081495. Determine c(-5).
5
Let t(o) = 426*o**2 - 24*o + 48. Determine t(2).
1704
Let l(j) = 1643*j + 379503. Calculate l(-231).
-30
Let u(w) = w**3 - 78*w**2 + 426*w + 522. Determine u(7).
25
Let x(y) = -3*y**3 - 23*y**2 + 454*y + 3293. Give x(-7).
17
Let f(x) = -2*x**3 - 86*x**2 - 495*x + 204. Determine f(-36).
-120
Let i(j) = j**3 + 49*j**2 + 245*j + 502. Calculate i(-44).
-598
Let k(f) = -f**3 + 12*f**2 + 1592*f + 483. Determine k(-34).
-469
Let v(t) = t**3 - 1822*t**2 + 125943*t + 99760. What is v(1750)?
10
Let y(k) = 6*k**2 + 396476*k - 5155205. Determine y(13).
-3
Let c(k) = -k**3 + 5*k**2 + 13*k - 82. Give c(5).
-17
Let m(b) = 6*b**2 - 301*b + 3169. Determine m(15).
4
Let h(q) = -8*q**2 - q + 118. Give h(-8).
-386
Let a(k) = -9*k**2 - 4267*k + 164722. What is a(-510)?
-8
Let l(w) = 615368*w**2 + 4307584*w + 50. What is l(-7)?
-6
Let g(w) = 1219*w + 9540. Give g(-8).
-212
Let r(p) = -p**3 - 61*p**2 + 322*p + 3262. What is r(-65)?
-768
Let a(h) = -824*h - 3384. Calculate a(-3).
-912
Let u(f) = -2*f**3 - 22*f**2 + 715*f + 8698. Calculate u(-17).
11
Let x(l) = -6*l**2 + 6734*l - 488650. Calculate x(78).
98
Let h(g) = g**3 + 24*g**2 - 1129*g - 15669. Calculate h(-42).
-3
Let x(y) = 346*y**2 + 63*y - 88. Determine x(0).
-88
Let d(y) = 5092*y - 361529. What is d(71)?
3
Let t(x) = 2*x**2 - 345*x - 530596. Give t(-436).
16
Let r(l) = -916*l - 118234. Determine r(-128).
-986
Let y(s) = 4632*s - 1042219. Calculate y(225).
-19
Let y(m) = 2263*m + 1988. Determine y(-1).
-275
Let w(a) = 8214*a**2 + 8141*a - 61. Calculate w(-1).
12
Let t(q) = 1292*q**2 - 1522*q + 1521. Give t(1).
1291
Let j(u) = -130*u**2 + 74*u + 7723. Calculate j(8).
-5
Let d(f) = -41*f**2 - 620*f - 3130. Determine d(-5).
-1055
Let g(t) = -t**3 - 302*t**2 - 4126*t - 1057890. Calculate g(-300).
-90
Let u(v) = 218*v**2 + 3280*v + 122. Calculate u(-15).
-28
Let x(o) = -708*o - 92742. Determine x(-131).
6
Let l(m) = -2*m**3 - 17*m**2 + 13*m + 4. What is l(-8)?
-164
Let x(r) = 77111*r - 462672. Calculate x(6).
-6
Let p(j) = -j**2 - 514627*j - 7204585. Determine p(-14).
-3
Let m(t) = -2*t**2 + 2639*t - 39040. Give m(15).
95
Let f(r) = -50*r**2 - 15*r + 17768. Determine f(-19).
3
Let z(n) = -134*n**3 - 539*n**2 + 44. What is z(-4)?
-4
Let t(y) = -y**3 - 3*y**2 + 56*y + 172. Calculate t(-5).
-58
Let i(n) = -5253*n - 330307. Calculate i(-63).
632
Let s(c) = c**3 - 100*c**2 + 766*c + 169. What is s(9)?
-308
Let h(r) = -r**3 - 147*r**2 + 141*r - 704. Give h(-148)